ivide 553?
False
Does 6 divide 2449?
False
Does 5 divide 57?
False
Is 2907 a multiple of 57?
True
Does 46 divide 2554?
False
Is 17 a factor of 200132?
False
Is 15 a factor of 1560?
True
Does 2 divide 183?
False
Does 10 divide 432?
False
Is 10 a factor of 5131?
False
Does 9 divide 7308?
True
Is 27379 a multiple of 11?
True
Is 654 a multiple of 8?
False
Does 3 divide 2718?
True
Is 6 a factor of 30144?
True
Does 16 divide 3696?
True
Is 101 a multiple of 16?
False
Does 35 divide 1920?
False
Is 2 a factor of 4?
True
Is 10295 a multiple of 14?
False
Is 11 a factor of 418?
True
Does 14 divide 18?
False
Is 9482 a multiple of 22?
True
Is 4 a factor of 6120?
True
Is 4742 a multiple of 10?
False
Does 93 divide 67146?
True
Is 90 a multiple of 4?
False
Is 4 a factor of 236?
True
Is 27432 a multiple of 216?
True
Does 43 divide 27176?
True
Is 12 a factor of 225?
False
Does 8 divide 656?
True
Does 52 divide 1551?
False
Does 9 divide 263?
False
Is 11026 a multiple of 74?
True
Is 15 a factor of 660?
True
Does 67 divide 1977?
False
Is 566 a multiple of 6?
False
Does 21 divide 1869?
True
Does 7 divide 763?
True
Is 15745 a multiple of 154?
False
Is 23 a factor of 2139?
True
Does 31 divide 16847?
False
Does 36 divide 288?
True
Does 8 divide 728?
True
Is 12 a factor of 9993?
False
Is 42918 a multiple of 6?
True
Does 6 divide 6462?
True
Is 44924 a multiple of 44?
True
Does 159 divide 37683?
True
Is 5140 a multiple of 55?
False
Does 172 divide 44892?
True
Is 86 a factor of 3144?
False
Is 1825 a multiple of 17?
False
Does 24 divide 1944?
True
Is 28 even?
True
Is 37551 a multiple of 243?
False
Does 7 divide 8922?
False
Is 1974 a multiple of 42?
True
Is 24 a factor of 144?
True
Does 4 divide 229?
False
Is 14 a factor of 643?
False
Does 29 divide 15863?
True
Is 9139 a multiple of 13?
True
Is 3835 a multiple of 65?
True
Is 74 a multiple of 5?
False
Is 14761 a multiple of 6?
False
Is 17261 a multiple of 14?
False
Does 43 divide 146?
False
Does 37 divide 16539?
True
Is 20 a factor of 157105?
False
Is 111 a multiple of 5?
False
Is 11 a factor of 19297?
False
Is 8976 a multiple of 187?
True
Does 32 divide 18762?
False
Does 26 divide 3145?
False
Does 27 divide 26010?
False
Is 3640 a multiple of 55?
False
Is 40 a factor of 3760?
True
Is 35427 a multiple of 83?
False
Does 61 divide 7564?
True
Is 27 a factor of 3105?
True
Does 3 divide 531?
True
Does 5 divide 3039?
False
Is 46920 a multiple of 17?
True
Does 14 divide 7504?
True
Is 23 a factor of 1288?
True
Is 668 a multiple of 11?
False
Is 10057 a multiple of 56?
False
Is 43 a multiple of 8?
False
Is 2 a factor of 158?
True
Is 39 a factor of 1709?
False
Does 3 divide 476?
False
Is 792 a multiple of 12?
True
Is 1718 a multiple of 29?
False
Is 204 a factor of 22848?
True
Is 4019 a multiple of 17?
False
Is 12 a factor of 26124?
True
Is 230 a multiple of 10?
True
Is 5 a factor of 40?
True
Is 21672 a multiple of 11?
False
Is 9 a factor of 2160?
True
Does 8 divide 90632?
True
Is 7776 a multiple of 8?
True
Is 414 a multiple of 23?
True
Is 7930 a multiple of 35?
False
Is 9675 a multiple of 129?
True
Is 13 a factor of 33930?
True
Does 46 divide 16928?
True
Does 14 divide 4040?
False
Is 205 a factor of 45715?
True
Is 2312 a multiple of 17?
True
Is 2490 a multiple of 6?
True
Is 811 a multiple of 9?
False
Is 143 a factor of 59744?
False
Is 9 a factor of 495?
True
Does 2 divide 7770?
True
Does 15 divide 6345?
True
Does 22 divide 4774?
True
Does 4 divide 778?
False
Is 14 a factor of 2044?
True
Does 17 divide 8959?
True
Does 79 divide 1524?
False
Does 57 divide 7638?
True
Is 3277 a multiple of 7?
False
Is 54 a factor of 879?
False
Is 34516 a multiple of 9?
False
Does 53 divide 38637?
True
Is 10 a factor of 60?
True
Is 7 a factor of 112?
True
Is 378 a multiple of 7?
True
Is 7584 a multiple of 126?
False
Is 104 a factor of 104?
True
Is 11 a factor of 627?
True
Does 6 divide 605?
False
Does 18 divide 774?
True
Does 30 divide 245?
False
Does 48 divide 1094?
False
Is 2820 a multiple of 6?
True
Is 442 a multiple of 26?
True
Is 6 a factor of 20277?
False
Is 84 a multiple of 3?
True
Is 10 a factor of 170?
True
Is 44997 a multiple of 161?
False
Does 15 divide 44367?
False
Is 104 a factor of 43784?
True
Is 34 a factor of 539?
False
Is 23254 a multiple of 77?
True
Is 2359 a multiple of 9?
False
Is 1902 a multiple of 30?
False
Is 22 a factor of 1144?
True
Does 111 divide 38245?
False
Does 9 divide 3645?
True
Is 22 a factor of 4004?
True
Is 41 a factor of 13442?
False
Is 32 a factor of 576?
True
Is 46950 a multiple of 50?
True
Is 10 a factor of 280?
True
Is 8 a factor of 408?
True
Is 283 a factor of 29836?
False
Does 2 divide 155?
False
Is 4 a factor of 48?
True
Does 22 divide 7027?
False
Is 880 a multiple of 5?
True
Does 25 divide 4525?
True
Is 13002 a multiple of 22?
True
Is 19758 a multiple of 111?
True
Does 7 divide 85624?
True
Is 79 a factor of 1106?
True
Is 30 a factor of 22500?
True
Is 46284 a multiple of 84?
True
Is 3 a factor of 5893?
False
Is 6 a factor of 1040?
False
Is 21888 a multiple of 134?
False
Does 45 divide 7205?
False
Does 2 divide 2438?
True
Is 3811 a multiple of 103?
True
Is 1122 a multiple of 6?
True
Does 38 divide 3002?
True
Is 2175 a multiple of 54?
False
Does 18 divide 1731?
False
Is 78 a factor of 1716?
True
Is 58 a factor of 8562?
False
Is 308 a multiple of 20?
False
Is 2 a factor of 888?
True
Is 29 a factor of 348?
True
Is 7 a factor of 2346?
False
Is 9 a factor of 6102?
True
Is 89 a multiple of 43?
False
Does 20 divide 1300?
True
Is 214 a factor of 76824?
False
Does 206 divide 15656?
True
Is 2520 a multiple of 45?
True
Does 10 divide 20034?
False
Is 22442 a multiple of 39?
False
Is 92 a factor of 460?
True
Does 18 divide 720?
True
Is 22 a factor of 132?
True
Is 10 a factor of 870?
True
Is 15 a factor of 135?
True
Is 565 a multiple of 7?
False
Is 18343 a multiple of 178?
False
Is 763 a multiple of 25?
False
Does 342 divide 138007?
False
Is 14688 a multiple of 216?
True
Does 12 divide 1764?
True
Does 103 divide 1418?
False
Is 12 a factor of 1632?
True
Does 43 divide 9503?
True
Does 2 divide 111?
False
Is 11 a factor of 4444?
True
Is 44 a factor of 1408?
True
Is 1451 a multiple of 8?
False
Is 35 a factor of 41098?
False
Is 10752 a multiple of 98?
False
Does 131 divide 38033?
False
Is 26 a factor of 1976?
True
Is 106 even?
True
Does 60 divide 15872?
False
Is 2646 a multiple of 14?
True
Does 65 divide 5229?
False
Is 4401 a multiple of 20?
False
Does 31 divide 992?
True
Is 4580 a multiple of 24?
False
Is 46 a factor of 990?
False
Is 13 a factor of 1092?
True
Is 6 a factor of 2646?
True
Is 2498 a multiple of 22?
False
Is 20 a factor of 14315?
False
Is 11 a factor of 559?
False
Does 64 divide 19840?
True
Does 38 divide 798?
True
Is 63 a multiple of 9?
True
Is 2099 a multiple of 12?
False
Does 7 divide 210?
True
Is 34 a factor of 1184?
False
Is 8 a factor of 17488?
True
Is 1653 a multiple of 98?
False
Is 14 a factor of 19165?
False
Is 1905 a multiple of 15?
True
Does 4 divide 14260?
True
Is 1580 a multiple of 17?
False
Is 10439 a multiple of 24?
False
Is 238 a multiple of 23?
False
Is 1378 a multiple of 26?
True
Is 77 a factor of 5664?
False
Is 15 a factor of 655?
False
Is 23 a factor of 8073?
True
Is 12 a factor of 1667?
False
Is 19 a factor of 2565?
True
Is 112 a multiple of 112?
True
Is 1694 a multiple of 11?
True
Is 56 a factor of 1456?
True
Is 2100 a multiple of 60?
True
Is 1152 a multiple of 48?
True
Does 7 divide 6629?
True
Is 8466 a multiple of 6?
True
Is 21 a factor of 1347?
False
Is 6072 a multiple of 73?
False
Does 23 divide 15571?
True
Is 651 a multiple of 10?
False
Is 26 a factor of 2392?
True
Is 22747 a multiple of 5?
False
Is 17 a factor of 1904?
True
Is 23 a factor of 764?
False
Is 11 a factor of 1221?
True
Does 11 divide 308?
True
Is 64 a factor of 37248?
True
Is 1617 a multiple of 11?
True
Is 18248 a multiple of 48?
False
Is 3 a factor of 391?
False
Is 12 a factor of 10924?
False
Is 120618 a multiple of 344?
False
Is 1953 a multiple of 31?
True
Is 24 a factor of 77365?
False
Does 105 divide 2625?
True
Is 12699 a multiple of 51?
True
Is 88 a factor of 943?
False
Is 173 a factor of 19376?
True
Is 744 a multiple of 93?
True
Is 158 a factor of 110007?
False
Is 2006 a multiple of 99?
False
Does 6 divide 612?
True
Does 2